{"id":51,"date":"2015-04-21T11:26:50","date_gmt":"2015-04-21T11:26:50","guid":{"rendered":"http:\/\/127.0.0.1\/wordpress\/?page_id=51"},"modified":"2015-06-21T19:31:18","modified_gmt":"2015-06-21T19:31:18","slug":"schnupper-wellnessmassage","status":"publish","type":"page","link":"https:\/\/www.wellness-bk.de\/?page_id=51","title":{"rendered":"Schnupper-Wellnessmassage"},"content":{"rendered":"<p>Die Griffe der Schnuppermassage basieren auf den Techniken der \u201eKlassischen Ganzk\u00f6rpermassage\u201c.<\/p>\n<p>Die Massagetechniken richten sich nach Ihren individuellen Bed\u00fcrfnissen und k\u00f6nnen sowohl sehr kr\u00e4ftig als auch ruhig und weniger stark dosiert werden. Die Behandlung hat immer eine effektive Lockerung und Entspannung der Muskulatur zum Ziel. Es kann eine Verbesserung der Durchblutung, ein besserer Abtransport von Zellschlackestoffen und eine entsprechende Erh\u00f6hung der Leistungsf\u00e4higkeit erreicht werden. Die Schnuppermassage umfasst den gesamten R\u00fccken, den Nacken, die Lendenwirbels\u00e4ule und die\u00a0Beine. Sie wird mit hochwertigem \u00d6l ausgef\u00fchrt.<\/p>\n<p>Diese Anwendung\u00a0dauert 30 Minuten.<\/p>\n","protected":false},"excerpt":{"rendered":"<p>Die Griffe der Schnuppermassage basieren auf den Techniken der \u201eKlassischen Ganzk\u00f6rpermassage\u201c. Die Massagetechniken richten sich nach Ihren individuellen Bed\u00fcrfnissen und k\u00f6nnen sowohl sehr kr\u00e4ftig als auch ruhig und weniger stark dosiert werden. Die Behandlung hat immer eine effektive Lockerung und Entspannung der Muskulatur zum Ziel. Es kann eine Verbesserung der Durchblutung, ein besserer Abtransport von <a href=\"https:\/\/www.wellness-bk.de\/?page_id=51\" class=\"more-link\">...weiterlesen<span class=\"screen-reader-text\"> \"Schnupper-Wellnessmassage\"<\/span><\/a><\/p>\n","protected":false},"author":1,"featured_media":0,"parent":23,"menu_order":0,"comment_status":"closed","ping_status":"closed","template":"","meta":[],"_links":{"self":[{"href":"https:\/\/www.wellness-bk.de\/index.php?rest_route=\/wp\/v2\/pages\/51"}],"collection":[{"href":"https:\/\/www.wellness-bk.de\/index.php?rest_route=\/wp\/v2\/pages"}],"about":[{"href":"https:\/\/www.wellness-bk.de\/index.php?rest_route=\/wp\/v2\/types\/page"}],"author":[{"embeddable":true,"href":"https:\/\/www.wellness-bk.de\/index.php?rest_route=\/wp\/v2\/users\/1"}],"replies":[{"embeddable":true,"href":"https:\/\/www.wellness-bk.de\/index.php?rest_route=%2Fwp%2Fv2%2Fcomments&post=51"}],"version-history":[{"count":3,"href":"https:\/\/www.wellness-bk.de\/index.php?rest_route=\/wp\/v2\/pages\/51\/revisions"}],"predecessor-version":[{"id":322,"href":"https:\/\/www.wellness-bk.de\/index.php?rest_route=\/wp\/v2\/pages\/51\/revisions\/322"}],"up":[{"embeddable":true,"href":"https:\/\/www.wellness-bk.de\/index.php?rest_route=\/wp\/v2\/pages\/23"}],"wp:attachment":[{"href":"https:\/\/www.wellness-bk.de\/index.php?rest_route=%2Fwp%2Fv2%2Fmedia&parent=51"}],"curies":[{"name":"wp","href":"https:\/\/api.w.org\/{rel}","templated":true}]}}