{"id":425,"date":"2018-08-27T13:59:39","date_gmt":"2018-08-27T13:59:39","guid":{"rendered":"http:\/\/www.wellness-bk.de\/?page_id=425"},"modified":"2018-08-27T13:59:39","modified_gmt":"2018-08-27T13:59:39","slug":"reiki","status":"publish","type":"page","link":"https:\/\/www.wellness-bk.de\/?page_id=425","title":{"rendered":"Reiki"},"content":{"rendered":"<p><strong>Reiki<\/strong> ist der japanische Name f\u00fcr universelle Lebensenergie. Zugleich ist es eine alternative Heilmethode, in der Lebensenergie durch die H\u00e4nde flie\u00dft und mit dieser man sich selbst und seiner Gesundheit etwas Gutes tun kann.<\/p>\n<p>Das <em>\u201cAuflegen der H\u00e4nde\u201d<\/em> ist eine \u00fcber 2000 Jahre alte Kunst und bekannt aus vielen alten Kulturen. Anfang des vorigen Jahrhunderts wurde Reiki vom japanischen M\u00f6nch Dr. Mikao Usui wiederentdeckt und hat sich seitdem \u00fcber die ganze Erde verbreitet. Anfang der 1980er Jahre kam es zu uns nach Europa.<\/p>\n<p>Die wohl angenehmste Form Reiki zu erhalten, besteht in der Ganzk\u00f6rperanwendung. Dabei werden die H\u00e4nde f\u00fcr jeweils einige Minuten auf alle wichtigen K\u00f6rperstellen gelegt. Insgesamt dauert eine Ganzk\u00f6rperanwendung etwa eine Stunde, so dass der Empf\u00e4nger die M\u00f6glichkeit hat, eine tiefe Entspannung zu erfahren, welche sich durch tiefe Atemz\u00fcge, Muskelentspannung und manchmal auch mit einer Erw\u00e4rmung von H\u00e4nden und\/oder F\u00fc\u00dfen zeigt. Sehr oft kann durch diese Entspannung auch Angst losgelassen werden. Reiki kann eine k\u00f6rperliche, geistige und seelische Entspannung bewirken, die k\u00f6rpereigenen Selbstheilungskr\u00e4fte aktivieren und das seelische Wohlbefinden harmonisieren.<\/p>\n<p>Das Zusammenspiel von Reiki und der Schulmedizin kann als ganzheitliche Therapie betrachtet werden. Wobei Reiki keinesfalls die Behandlung bei einem Arzt, der Schulmedizin oder eine schulmedizinische Therapie ersetzen sollte. Reiki wird in den USA und in England von Kliniken und \u00c4rzten anerkannt. Dort arbeiten \u00c4rzte und Heilpraktiker \u00fcbergreifend zum Wohle des Patienten zusammen.<\/p>\n<p>Die Ganzk\u00f6rperanwendung dauert 60 Minuten.<\/p>\n","protected":false},"excerpt":{"rendered":"<p>Reiki ist der japanische Name f\u00fcr universelle Lebensenergie. Zugleich ist es eine alternative Heilmethode, in der Lebensenergie durch die H\u00e4nde flie\u00dft und mit dieser man sich selbst und seiner Gesundheit etwas Gutes tun kann. Das \u201cAuflegen der H\u00e4nde\u201d ist eine \u00fcber 2000 Jahre alte Kunst und bekannt aus vielen alten Kulturen. Anfang des vorigen Jahrhunderts <a href=\"https:\/\/www.wellness-bk.de\/?page_id=425\" class=\"more-link\">...weiterlesen<span class=\"screen-reader-text\"> \"Reiki\"<\/span><\/a><\/p>\n","protected":false},"author":1,"featured_media":0,"parent":23,"menu_order":0,"comment_status":"closed","ping_status":"closed","template":"","meta":[],"_links":{"self":[{"href":"https:\/\/www.wellness-bk.de\/index.php?rest_route=\/wp\/v2\/pages\/425"}],"collection":[{"href":"https:\/\/www.wellness-bk.de\/index.php?rest_route=\/wp\/v2\/pages"}],"about":[{"href":"https:\/\/www.wellness-bk.de\/index.php?rest_route=\/wp\/v2\/types\/page"}],"author":[{"embeddable":true,"href":"https:\/\/www.wellness-bk.de\/index.php?rest_route=\/wp\/v2\/users\/1"}],"replies":[{"embeddable":true,"href":"https:\/\/www.wellness-bk.de\/index.php?rest_route=%2Fwp%2Fv2%2Fcomments&post=425"}],"version-history":[{"count":3,"href":"https:\/\/www.wellness-bk.de\/index.php?rest_route=\/wp\/v2\/pages\/425\/revisions"}],"predecessor-version":[{"id":428,"href":"https:\/\/www.wellness-bk.de\/index.php?rest_route=\/wp\/v2\/pages\/425\/revisions\/428"}],"up":[{"embeddable":true,"href":"https:\/\/www.wellness-bk.de\/index.php?rest_route=\/wp\/v2\/pages\/23"}],"wp:attachment":[{"href":"https:\/\/www.wellness-bk.de\/index.php?rest_route=%2Fwp%2Fv2%2Fmedia&parent=425"}],"curies":[{"name":"wp","href":"https:\/\/api.w.org\/{rel}","templated":true}]}}