{"id":262,"date":"2015-06-03T13:44:04","date_gmt":"2015-06-03T13:44:04","guid":{"rendered":"http:\/\/www.wellness-bk.de\/?page_id=262"},"modified":"2015-06-29T15:06:10","modified_gmt":"2015-06-29T15:06:10","slug":"klangmassage","status":"publish","type":"page","link":"https:\/\/www.wellness-bk.de\/?page_id=262","title":{"rendered":"Klangmassage"},"content":{"rendered":"<p><img loading=\"lazy\" class=\"aligncenter  wp-image-263\" src=\"http:\/\/kuhn.selectline.de\/wp-content\/uploads\/2015\/06\/IMG_0034-1024x509.jpg\" alt=\"IMG_0034\" width=\"813\" height=\"404\" srcset=\"https:\/\/www.wellness-bk.de\/wp-content\/uploads\/2015\/06\/IMG_0034-1024x509.jpg 1024w, https:\/\/www.wellness-bk.de\/wp-content\/uploads\/2015\/06\/IMG_0034-300x149.jpg 300w\" sizes=\"(max-width: 813px) 100vw, 813px\" \/><\/p>\n<p style=\"text-align: center;\">\u00a0<strong><em>Der Ton der Klangschale ber\u00fchrt unser Innerstes,<\/em><\/strong><\/p>\n<p style=\"text-align: center;\"><strong><em>er bringt die Seele zum Schwingen.<\/em><\/strong><\/p>\n<p style=\"text-align: center;\"><strong><em>Der Klang l\u00f6st Spannungen,<\/em><\/strong><\/p>\n<p style=\"text-align: center;\"><strong><em>mobilisiert die Selbstheilungskr\u00e4fte<\/em><\/strong><\/p>\n<p style=\"text-align: center;\"><strong><em>und setzt sch\u00f6pferische Energien frei.<\/em><\/strong><\/p>\n<p style=\"text-align: center;\">Peter Hess<\/p>\n<p>&nbsp;<\/p>\n<p>Die Klangmassage nach Peter Hess\u00ae ist eine sehr wirkungsvolle Methode um einen Zustand der absoluten Tiefenentspannung zu erreichen. In der Klang-Entspannung k\u00f6nnen sich die im Alltagsstress angesammelten Sorgen und Blockaden l\u00f6sen. Ausgeglichenheit und Wohlbefinden lassen Sie wieder innere Ruhe und Kraft finden.<\/p>\n<p>Die Klangmassage wirkt aufgrund des hohen Fl\u00fcssigkeitsanteils in unserem K\u00f6rper. Dabei werden verschiedene obertonreiche Klangschalen auf oder neben den bekleideten K\u00f6rper aufgestellt und behutsam angeschlagen. Die jeweils typischen Frequenzbereiche der einzelnen Schalen sprechen bestimmte K\u00f6rperbereiche besonders gut an. Die harmonischen Klangschwingungen erzeugen eine feine Vibration, die sich nach und nach im K\u00f6rper ausbreitet und oft wie eine Art \u201eMassage\u201c beschrieben wird. Der gesamte K\u00f6rper kommt auf diese Weise in harmonische Schwingung und die oft kreisenden Gedanken kommen zur Ruhe. In der schnell einsetzenden tiefen Entspannung k\u00f6nnen die Selbstheilungskr\u00e4fte aktiviert, Verspannungen gel\u00f6st und neue Energie f\u00fcr den Alltag gesch\u00f6pft werden.<br \/>\nDie Klangschalenmassage ist auch f\u00fcr Menschen geeignet, die sich nicht so gern k\u00f6rperlich ber\u00fchren lassen.<\/p>\n<p>Diese Anwendung dauert als Schnupperangebot 30 Minuten.<br \/>\nDie individuelle Klangmassage dauert 60 Minuten.<\/p>\n<p><img loading=\"lazy\" class=\"aligncenter  wp-image-264\" src=\"http:\/\/kuhn.selectline.de\/wp-content\/uploads\/2015\/06\/IMG_0056-575x1024.jpg\" alt=\"IMG_0056\" width=\"364\" height=\"648\" srcset=\"https:\/\/www.wellness-bk.de\/wp-content\/uploads\/2015\/06\/IMG_0056-575x1024.jpg 575w, https:\/\/www.wellness-bk.de\/wp-content\/uploads\/2015\/06\/IMG_0056-169x300.jpg 169w\" sizes=\"(max-width: 364px) 100vw, 364px\" \/><\/p>\n","protected":false},"excerpt":{"rendered":"<p>\u00a0Der Ton der Klangschale ber\u00fchrt unser Innerstes, er bringt die Seele zum Schwingen. Der Klang l\u00f6st Spannungen, mobilisiert die Selbstheilungskr\u00e4fte und setzt sch\u00f6pferische Energien frei. Peter Hess &nbsp; Die Klangmassage nach Peter Hess\u00ae ist eine sehr wirkungsvolle Methode um einen Zustand der absoluten Tiefenentspannung zu erreichen. In der Klang-Entspannung k\u00f6nnen sich die im Alltagsstress angesammelten <a href=\"https:\/\/www.wellness-bk.de\/?page_id=262\" class=\"more-link\">...weiterlesen<span class=\"screen-reader-text\"> \"Klangmassage\"<\/span><\/a><\/p>\n","protected":false},"author":1,"featured_media":0,"parent":23,"menu_order":0,"comment_status":"closed","ping_status":"closed","template":"","meta":[],"_links":{"self":[{"href":"https:\/\/www.wellness-bk.de\/index.php?rest_route=\/wp\/v2\/pages\/262"}],"collection":[{"href":"https:\/\/www.wellness-bk.de\/index.php?rest_route=\/wp\/v2\/pages"}],"about":[{"href":"https:\/\/www.wellness-bk.de\/index.php?rest_route=\/wp\/v2\/types\/page"}],"author":[{"embeddable":true,"href":"https:\/\/www.wellness-bk.de\/index.php?rest_route=\/wp\/v2\/users\/1"}],"replies":[{"embeddable":true,"href":"https:\/\/www.wellness-bk.de\/index.php?rest_route=%2Fwp%2Fv2%2Fcomments&post=262"}],"version-history":[{"count":11,"href":"https:\/\/www.wellness-bk.de\/index.php?rest_route=\/wp\/v2\/pages\/262\/revisions"}],"predecessor-version":[{"id":366,"href":"https:\/\/www.wellness-bk.de\/index.php?rest_route=\/wp\/v2\/pages\/262\/revisions\/366"}],"up":[{"embeddable":true,"href":"https:\/\/www.wellness-bk.de\/index.php?rest_route=\/wp\/v2\/pages\/23"}],"wp:attachment":[{"href":"https:\/\/www.wellness-bk.de\/index.php?rest_route=%2Fwp%2Fv2%2Fmedia&parent=262"}],"curies":[{"name":"wp","href":"https:\/\/api.w.org\/{rel}","templated":true}]}}